165/s + 2/(-7). Suppose 242 = 121*w - 110*w. Calculate the highest common divisor of w and l.
11
Suppose r + 6 = 2*r. What is the greatest common divisor of 15 and r?
3
Suppose 26*c = -11*c + 20646. What is the highest common divisor of 124 and c?
62
Let i = 33 - 30. Let o be (-337)/(-3) + 2 + (-7)/i. What is the greatest common divisor of 16 and o?
16
Suppose -5*w = 3*v - 309, 4*w + 5*v - 234 = 7*v. Calculate the highest common divisor of 36 and w.
12
Let u be 0/5 + (-1 - -364). Suppose -4*k = -2*n - 134, k = 3*n + 2*n + 38. Calculate the highest common factor of u and k.
33
Let d = -1011 + 1171. What is the highest common factor of 10 and d?
10
Let v be (1/(-3) - (-7)/3) + 10. Let k be 56/(-6)*v/(-8). What is the highest common divisor of 42 and k?
14
Suppose -d + 4*v = -7, -5*d - v + 19 + 37 = 0. Let b = d - 7. Suppose 7 = -b*m + 55. What is the greatest common divisor of m and 24?
12
Suppose -2*j + 3*j = 13. Suppose 3*r + 12 = 0, 2*a - r - 5 = j. Let v = 8 - a. Calculate the greatest common divisor of v and 1.
1
Suppose 187 + 548 = 7*i. What is the highest common divisor of 70 and i?
35
Let h be -11*1 + (-3)/(-3). Let b be ((-8)/20)/(4/h). Calculate the highest common factor of b and 5.
1
Suppose 0 = 17*l - 45*l + 4928. Calculate the greatest common divisor of 55 and l.
11
Suppose 5*j - 169 = 5*f - 7*f, 3*f = -j + 26. Calculate the highest common factor of 35 and j.
35
Suppose -129*z + 132*z + 2*a - 2075 = 0, -3455 = -5*z - 5*a. Calculate the highest common divisor of 11 and z.
11
Let q(l) = 6*l + 26. Let x be q(-4). Calculate the greatest common factor of 158 and x.
2
Suppose 2*x = -3*x. Suppose -2*c - 5*s - 14 = x, 4*c - 23 = 3*s + 1. Suppose -l = c*l - 260. What is the highest common factor of l and 26?
13
Let m = -8 + 20. Let f = -587 - -611. What is the greatest common divisor of f and m?
12
Suppose 4*q = -3*c - 16, 0*q = q - 4*c - 15. Let w be (-21 + 17)*q/2. Calculate the highest common divisor of w and 3.
1
Suppose -r = -5*r + 8, 0 = -5*c - 3*r + 1021. Suppose -34*n + 20*n + 15*n = 29. What is the greatest common factor of c and n?
29
Let a = 4 - -23. Let b(c) = -8*c**2 + 1. Let g be b(-1). Let u = 16 + g. Calculate the greatest common factor of u and a.
9
Let a = 205 + -167. Let j = -5 + 7. What is the highest common factor of j and a?
2
Suppose -44*l + 5232 = -4448. Calculate the greatest common divisor of 20 and l.
20
Let i(c) be the second derivative of c**4/12 + 10*c**3/3 + 35*c**2/2 + 17*c. Let j be i(-20). Calculate the highest common factor of j and 7.
7
Let b(o) = -3*o**2 + 10*o - 1. Let v(g) = -g**2 + 3. Let y be v(0). Let w be b(y). What is the greatest common factor of w and 4?
2
Let f = 246 - 195. Calculate the highest common divisor of 221 and f.
17
Let d(v) = -v**2 - 4*v + 16. Let p be d(-6). Let w(u) = -u**3 + 5*u**2 - 6*u + 10. Let y be w(p). What is the greatest common factor of 8 and y?
2
Suppose 4*n + 0*j - 3*j - 60 = 0, 5*j = -20. Calculate the highest common divisor of 1236 and n.
12
Suppose 46*u + 35*u - 26730 = 0. Calculate the greatest common divisor of u and 12.
6
Let u be (193 - 2) + 2 + -2. Let h = -114 + u. Suppose -4*f + 21 = 3*s, -5*f = 8 + 7. What is the greatest common divisor of h and s?
11
Let q be 2/8 - ((-1554)/56 + 19). Calculate the greatest common divisor of 81 and q.
9
Suppose 4*w - 2592 = -111*q + 107*q, 0 = -4*q - 3*w + 2593. What is the greatest common factor of 22 and q?
11
Suppose 6*k + 90 = 9*k. What is the highest common divisor of k and 390?
30
Let y be 56/6 - (-8)/(-6). Let a be (96/(-54))/y + 254/9. What is the highest common factor of 98 and a?
14
Let f be ((-63)/(-6)*180/(-21))/(-1). Calculate the greatest common divisor of f and 120.
30
Let m be -4*(-2 - 78/(-8)). Let p = m + 44. Calculate the greatest common factor of p and 52.
13
Let g = -180 + 237. What is the highest common divisor of g and 228?
57
Let x be 476 - 2/4*100/(-10). What is the highest common factor of 148 and x?
37
Let y(f) = 9*f + 18. Let t be y(30). What is the highest common factor of t and 32?
32
Let i(s) = -6*s + 7. Let l be i(-2). Let v = l - 2. Suppose -y + 220 = 33. Calculate the highest common factor of v and y.
17
Suppose 992 = 17*f - 555. What is the highest common factor of f and 14?
7
Let i(v) = -2*v**3 - 6*v**2 + 7*v + 1. Let k be i(-5). Let b be 6 + (-2 - (-2 + 0)). Calculate the greatest common factor of b and k.
6
Let c = 2 - 0. Suppose 0 = c*y + y - 72. Suppose -1 = f + x - 22, 2*x - y = -f. Calculate the highest common factor of f and 9.
9
Let f = -74 - -203. Calculate the greatest common divisor of 6 and f.
3
Suppose 2*q - 4*z = 228, 2*q + 5*z + 0*z = 219. Let n(g) = g**2 - g - 2. Let a be n(6). Calculate the highest common factor of q and a.
28
Let v be (-1776)/(-60) + (-1)/((-10)/4). Let h(b) = -13*b - 7. Let m = -4 - 0. Let y be h(m). Calculate the highest common factor of v and y.
15
Suppose 4*f + 8*j = -28, 3*f = 5*j - 8 + 42. Let c(z) = z**3 - 4*z**2 + 5*z - 3. Let m be c(3). Calculate the greatest common divisor of m and f.
3
Let d(z) = -4*z**2 - 7*z - 2. Let m be d(-3). Let v be (204 + 0)*m/(-51). What is the highest common divisor of v and 17?
17
Suppose 6*d - 14 = 700. Suppose -2*m = -3*m + 17. Calculate the greatest common factor of m and d.
17
Let h(f) = -f - f + 12*f + 3 - 2*f. Let p be h(1). What is the highest common divisor of 132 and p?
11
Suppose v = -4*i - 0*v + 2, 4 = 4*i + 2*v. Suppose -2*z + 5*z - 693 = i. Calculate the greatest common divisor of z and 21.
21
Let o(g) = -g**3 - 7*g**2 + 2*g + 10. Suppose c = -2*c - 21. Let f be o(c). Let r be ((-78)/(-15))/(f/(-10)). What is the highest common factor of r and 13?
13
Let s(b) = -b**2 - 11*b + 14. Let r be s(-12). Let z = -8 + r. Let h be (22 - 3)*z/(-6). Calculate the highest common factor of h and 76.
19
Suppose -g = 4*c - 3*c - 262, -4*g = 3*c - 787. What is the highest common divisor of c and 36?
9
Suppose 5052 = 72*a - 4164. What is the highest common divisor of 464 and a?
16
Suppose -5*y + 10121 = -s, s - 2*s - 2021 = -y. Calculate the greatest common factor of y and 150.
75
Let w be (-4)/(-14) + 100/(-7). Let u = w + 26. Let l be 19 - 1/(0 - -1). What is the greatest common factor of l and u?
6
Let s(x) = 9*x**2 - 20*x - 10. Let i(y) = 3*y**2 - 7*y - 3. Let t(o) = -17*i(o) + 6*s(o). Let b be t(9). Calculate the highest common divisor of 25 and b.
25
Let a = -83 + 155. Suppose -3*y - y + 24 = 0. What is the greatest common divisor of a and y?
6
Let s(i) = 33*i - 295. Let h be s(12). Calculate the highest common factor of h and 3939.
101
Let b(k) = 2*k**2 - 17*k + 18. Let q be b(10). What is the greatest common divisor of 552 and q?
24
Suppose 36*b - 1166 = 562. Calculate the greatest common divisor of 64 and b.
16
Suppose 78 + 228 = 6*x. Let u be 3/1*(-102)/(-6). What is the highest common divisor of x and u?
51
Let z be 4*(0 + (-3)/2). Let x(d) = 0*d**2 - 2*d**2 - 6*d**2 + 9*d**2 - 3*d - 6. Let w be x(z). What is the highest common divisor of w and 6?
6
Suppose -5*v - 2*g = -11, 5*g + 14 = 2*v + g. Suppose 3*u - 6*a + v*a = 345, -3*a + 123 = u. Let r = 22 - 9. Calculate the highest common factor of u and r.
13
Let s(g) = g**3 - 7*g**2 - 69*g. Let i be s(-4). Calculate the greatest common divisor of i and 725.
25
Suppose 17*c - 25*c = 0. Suppose c = 3*j + 2*z - 42, 2*z = -3*z. Calculate the highest common factor of 322 and j.
14
Let f(o) = o**3 + 12*o**2 + 2*o + 160. Let n be f(-12). What is the highest common factor of n and 748?
68
Suppose -74 - 96 = -2*z + 2*t, -5*z = 2*t - 446. Let o = 2 + 2. Suppose -35 = -o*s - 3. Calculate the highest common divisor of s and z.
8
Let j = 908 - 323. What is the greatest common divisor of 130 and j?
65
Let q be (-6)/(-9) - (-282)/9. Let m be ((-27)/12)/((-100)/q - -3). What is the highest common divisor of 45 and m?
9
Let h be -2*2/10 + 5124/210. What is the greatest common factor of h and 3?
3
Let g(c) = 3*c**3 - c**2 - 8*c - 5. Let y be g(-3). Let w = y - -74. What is the highest common factor of w and 24?
3
Suppose -565*u + 560*u + 35 = 0. What is the highest common factor of u and 5?
1
Let l = 16 - 14. Suppose 4*y = l*y + 2*n + 526, -3*n = 4*y - 1059. What is the highest common factor of 33 and y?
33
Let k(p) be the second derivative of p**5/20 + 7*p**4/12 + p**3 + 3*p*